{"id":31,"date":"2020-04-13T11:18:52","date_gmt":"2020-04-13T11:18:52","guid":{"rendered":"https:\/\/tavco.fi\/main\/about\/"},"modified":"2024-01-27T10:14:24","modified_gmt":"2024-01-27T10:14:24","slug":"palvelut-2","status":"publish","type":"page","link":"https:\/\/tavco.fi\/main\/palvelut-2\/","title":{"rendered":"Palvelut"},"content":{"rendered":"\t\t<div data-elementor-type=\"wp-page\" data-elementor-id=\"31\" class=\"elementor elementor-31\">\n\t\t\t\t\t\t<section class=\"elementor-section elementor-top-section elementor-element elementor-element-5131a13e elementor-section-boxed elementor-section-height-default elementor-section-height-default\" data-id=\"5131a13e\" data-element_type=\"section\" data-e-type=\"section\">\n\t\t\t\t\t\t\t<div class=\"elementor-background-overlay\"><\/div>\n\t\t\t\t\t\t\t<div class=\"elementor-container elementor-column-gap-default\">\n\t\t\t\t\t<div class=\"elementor-column elementor-col-100 elementor-top-column elementor-element elementor-element-1053ca7a\" data-id=\"1053ca7a\" data-element_type=\"column\" data-e-type=\"column\">\n\t\t\t<div class=\"elementor-widget-wrap elementor-element-populated\">\n\t\t\t\t\t\t<div class=\"elementor-element elementor-element-3d99e122 elementor-widget elementor-widget-heading\" data-id=\"3d99e122\" data-element_type=\"widget\" data-e-type=\"widget\" data-widget_type=\"heading.default\">\n\t\t\t\t<div class=\"elementor-widget-container\">\n\t\t\t\t\t<h1 class=\"elementor-heading-title elementor-size-default\">Palvelut<\/h1>\t\t\t\t<\/div>\n\t\t\t\t<\/div>\n\t\t\t\t\t<\/div>\n\t\t<\/div>\n\t\t\t\t\t<\/div>\n\t\t<\/section>\n\t\t\t\t<section class=\"elementor-section elementor-top-section elementor-element elementor-element-40177ae0 elementor-section-boxed elementor-section-height-default elementor-section-height-default\" data-id=\"40177ae0\" data-element_type=\"section\" data-e-type=\"section\">\n\t\t\t\t\t\t<div class=\"elementor-container elementor-column-gap-no\">\n\t\t\t\t\t<div class=\"elementor-column elementor-col-50 elementor-top-column elementor-element elementor-element-2828f573\" data-id=\"2828f573\" data-element_type=\"column\" data-e-type=\"column\">\n\t\t\t<div class=\"elementor-widget-wrap elementor-element-populated\">\n\t\t\t\t\t\t<div class=\"elementor-element elementor-element-68afc23b elementor-widget elementor-widget-heading\" data-id=\"68afc23b\" data-element_type=\"widget\" data-e-type=\"widget\" data-widget_type=\"heading.default\">\n\t\t\t\t<div class=\"elementor-widget-container\">\n\t\t\t\t\t<h2 class=\"elementor-heading-title elementor-size-default\">Palvelumme<br><br><\/h2>\t\t\t\t<\/div>\n\t\t\t\t<\/div>\n\t\t\t\t<div class=\"elementor-element elementor-element-3bae471 elementor-widget__width-auto elementor-widget elementor-widget-text-editor\" data-id=\"3bae471\" data-element_type=\"widget\" data-e-type=\"widget\" data-widget_type=\"text-editor.default\">\n\t\t\t\t<div class=\"elementor-widget-container\">\n\t\t\t\t\t\t\t\t\t<p>Ikkunanpesu<\/p>\n<p>Kokolattiamattopesu<\/p>\n<p>Leipomo- ja ravintolasiivous<\/p><p>Linja-autojen p\u00e4ivitt\u00e4ishuolto<\/p>\n<p>Muutto- ja remonttisiivous<\/p>\n<p>Peruspesu ja vahaus<\/p><p>Pintojen desinfiointi<\/p>\n<p>Porrassiivous<\/p><p>Teollisuussiivous<\/p><p>Toimistosiivous<\/p><p>Yl\u00e4rakenteiden puhdistus<\/p>\t\t\t\t\t\t\t\t<\/div>\n\t\t\t\t<\/div>\n\t\t\t\t\t<\/div>\n\t\t<\/div>\n\t\t\t\t<div class=\"elementor-column elementor-col-50 elementor-top-column elementor-element elementor-element-48096891\" data-id=\"48096891\" data-element_type=\"column\" data-e-type=\"column\">\n\t\t\t<div class=\"elementor-widget-wrap elementor-element-populated\">\n\t\t\t\t\t\t<div class=\"elementor-element elementor-element-49f879a elementor-widget elementor-widget-image\" data-id=\"49f879a\" data-element_type=\"widget\" data-e-type=\"widget\" data-widget_type=\"image.default\">\n\t\t\t\t<div class=\"elementor-widget-container\">\n\t\t\t\t\t\t\t\t\t\t\t\t\t\t\t<img fetchpriority=\"high\" decoding=\"async\" width=\"1024\" height=\"683\" src=\"https:\/\/tavco.fi\/main\/wp-content\/uploads\/2023\/03\/484b574f-50b1-44de-b835-a1fb7e8392ed-1024x683.jpg\" class=\"attachment-large size-large wp-image-1255\" alt=\"\" srcset=\"https:\/\/tavco.fi\/main\/wp-content\/uploads\/2023\/03\/484b574f-50b1-44de-b835-a1fb7e8392ed-1024x683.jpg 1024w, https:\/\/tavco.fi\/main\/wp-content\/uploads\/2023\/03\/484b574f-50b1-44de-b835-a1fb7e8392ed-300x200.jpg 300w, https:\/\/tavco.fi\/main\/wp-content\/uploads\/2023\/03\/484b574f-50b1-44de-b835-a1fb7e8392ed-768x512.jpg 768w, https:\/\/tavco.fi\/main\/wp-content\/uploads\/2023\/03\/484b574f-50b1-44de-b835-a1fb7e8392ed-1536x1024.jpg 1536w, https:\/\/tavco.fi\/main\/wp-content\/uploads\/2023\/03\/484b574f-50b1-44de-b835-a1fb7e8392ed.jpg 1920w\" sizes=\"(max-width: 1024px) 100vw, 1024px\" \/>\t\t\t\t\t\t\t\t\t\t\t\t\t\t\t<\/div>\n\t\t\t\t<\/div>\n\t\t\t\t\t<\/div>\n\t\t<\/div>\n\t\t\t\t\t<\/div>\n\t\t<\/section>\n\t\t\t\t<section class=\"elementor-section elementor-top-section elementor-element elementor-element-88095be elementor-section-boxed elementor-section-height-default elementor-section-height-default\" data-id=\"88095be\" data-element_type=\"section\" data-e-type=\"section\" data-settings=\"{&quot;background_background&quot;:&quot;classic&quot;}\">\n\t\t\t\t\t\t<div class=\"elementor-container elementor-column-gap-no\">\n\t\t\t\t\t<div class=\"elementor-column elementor-col-33 elementor-top-column elementor-element elementor-element-b59566c\" data-id=\"b59566c\" data-element_type=\"column\" data-e-type=\"column\">\n\t\t\t<div class=\"elementor-widget-wrap elementor-element-populated\">\n\t\t\t\t\t\t<div class=\"elementor-element elementor-element-b292dd2 elementor-widget elementor-widget-image-box\" data-id=\"b292dd2\" data-element_type=\"widget\" data-e-type=\"widget\" data-widget_type=\"image-box.default\">\n\t\t\t\t<div class=\"elementor-widget-container\">\n\t\t\t\t\t<div class=\"elementor-image-box-wrapper\"><div class=\"elementor-image-box-content\"><h5 class=\"elementor-image-box-title\">Kaikki palvelut saman katon alta<\/h5><p class=\"elementor-image-box-description\">Asiakkaanamme voit aina kysy\u00e4 meilt\u00e4 lis\u00e4palveluina mm. ikkunanpesua, peruspesuja ja vahauksia. <\/p><\/div><\/div>\t\t\t\t<\/div>\n\t\t\t\t<\/div>\n\t\t\t\t\t<\/div>\n\t\t<\/div>\n\t\t\t\t<div class=\"elementor-column elementor-col-33 elementor-top-column elementor-element elementor-element-bca9a20\" data-id=\"bca9a20\" data-element_type=\"column\" data-e-type=\"column\">\n\t\t\t<div class=\"elementor-widget-wrap elementor-element-populated\">\n\t\t\t\t\t\t<div class=\"elementor-element elementor-element-b0e23ae elementor-widget elementor-widget-image-box\" data-id=\"b0e23ae\" data-element_type=\"widget\" data-e-type=\"widget\" data-widget_type=\"image-box.default\">\n\t\t\t\t<div class=\"elementor-widget-container\">\n\t\t\t\t\t<div class=\"elementor-image-box-wrapper\"><div class=\"elementor-image-box-content\"><h5 class=\"elementor-image-box-title\">Joustava ja luotettava kumppani<\/h5><p class=\"elementor-image-box-description\"><b>Tavco Oy - Asiakkaan etu edell\u00e4.<\/b><br>Naapurilla ei siivota niin kuin teill\u00e4 siivotaan, ellei siell\u00e4kin ole Tavco. R\u00e4\u00e4t\u00e4l\u00f6id\u00e4\u00e4n siit\u00e4 huolimatta ja juurikin siit\u00e4 syyst\u00e4 - <i>teid\u00e4n<\/i> tarpeitanne parhaiten palveleva joustava palvelu. Saumattoman ja toimivan palvelun saamme reaaliaikaisella ja avoimella kommunikoinnilla sek\u00e4 toiveisiin viipym\u00e4tt\u00e4 reagoimalla. Unohtamatta  ammattitaitoisia ja ennakoivia Tavcolaisia. Me haluamme, ett\u00e4 te voitte keskitty\u00e4 olennaiseen, siihen mit\u00e4 te teette parhaiten! Luonnollisesti puhtaassa ja siistiss\u00e4 ty\u00f6ymp\u00e4rist\u00f6ss\u00e4.<\/p><\/div><\/div>\t\t\t\t<\/div>\n\t\t\t\t<\/div>\n\t\t\t\t\t<\/div>\n\t\t<\/div>\n\t\t\t\t<div class=\"elementor-column elementor-col-33 elementor-top-column elementor-element elementor-element-6b0d72f\" data-id=\"6b0d72f\" data-element_type=\"column\" data-e-type=\"column\">\n\t\t\t<div class=\"elementor-widget-wrap elementor-element-populated\">\n\t\t\t\t\t\t<div class=\"elementor-element elementor-element-30cd69e elementor-widget elementor-widget-heading\" data-id=\"30cd69e\" data-element_type=\"widget\" data-e-type=\"widget\" data-widget_type=\"heading.default\">\n\t\t\t\t<div class=\"elementor-widget-container\">\n\t\t\t\t\t<h5 class=\"elementor-heading-title elementor-size-default\">Laadukas ty\u00f6nj\u00e4lki ja ammattitaitoinen tiimi<\/h5>\t\t\t\t<\/div>\n\t\t\t\t<\/div>\n\t\t\t\t<div class=\"elementor-element elementor-element-9f92279 elementor-icon-list--layout-traditional elementor-list-item-link-full_width elementor-widget elementor-widget-icon-list\" data-id=\"9f92279\" data-element_type=\"widget\" data-e-type=\"widget\" data-widget_type=\"icon-list.default\">\n\t\t\t\t<div class=\"elementor-widget-container\">\n\t\t\t\t\t\t\t<ul class=\"elementor-icon-list-items\">\n\t\t\t\t\t\t\t<li class=\"elementor-icon-list-item\">\n\t\t\t\t\t\t\t\t\t\t\t<span class=\"elementor-icon-list-icon\">\n\t\t\t\t\t\t\t<i aria-hidden=\"true\" class=\"fas fa-caret-right\"><\/i>\t\t\t\t\t\t<\/span>\n\t\t\t\t\t\t\t\t\t\t<span class=\"elementor-icon-list-text\">Koulutamme henkil\u00f6st\u00f6mme perusteellisesti<\/span>\n\t\t\t\t\t\t\t\t\t<\/li>\n\t\t\t\t\t\t\t\t<li class=\"elementor-icon-list-item\">\n\t\t\t\t\t\t\t\t\t\t\t<span class=\"elementor-icon-list-icon\">\n\t\t\t\t\t\t\t<i aria-hidden=\"true\" class=\"fas fa-caret-right\"><\/i>\t\t\t\t\t\t<\/span>\n\t\t\t\t\t\t\t\t\t\t<span class=\"elementor-icon-list-text\">Jokaisella on mahdollisuus toteuttaa itse\u00e4\u00e4n ja loistaa ty\u00f6ss\u00e4\u00e4n<\/span>\n\t\t\t\t\t\t\t\t\t<\/li>\n\t\t\t\t\t\t\t\t<li class=\"elementor-icon-list-item\">\n\t\t\t\t\t\t\t\t\t\t\t<span class=\"elementor-icon-list-icon\">\n\t\t\t\t\t\t\t<i aria-hidden=\"true\" class=\"fas fa-caret-right\"><\/i>\t\t\t\t\t\t<\/span>\n\t\t\t\t\t\t\t\t\t\t<span class=\"elementor-icon-list-text\">Yhteen hiileen puhaltava tiimi, jatkuva kehitys ja kommunikointi my\u00f6s yhti\u00f6n sis\u00e4ll\u00e4<\/span>\n\t\t\t\t\t\t\t\t\t<\/li>\n\t\t\t\t\t\t<\/ul>\n\t\t\t\t\t\t<\/div>\n\t\t\t\t<\/div>\n\t\t\t\t\t<\/div>\n\t\t<\/div>\n\t\t\t\t\t<\/div>\n\t\t<\/section>\n\t\t\t\t<\/div>\n\t\t","protected":false},"excerpt":{"rendered":"<p>Palvelut Palvelumme Ikkunanpesu Kokolattiamattopesu Leipomo- ja ravintolasiivous Linja-autojen p\u00e4ivitt\u00e4ishuolto Muutto- ja remonttisiivous Peruspesu ja vahaus Pintojen desinfiointi Porrassiivous Teollisuussiivous Toimistosiivous Yl\u00e4rakenteiden puhdistus Kaikki palvelut saman katon alta Asiakkaanamme voit aina kysy\u00e4 meilt\u00e4 lis\u00e4palveluina mm. ikkunanpesua, peruspesuja ja vahauksia. Joustava ja luotettava kumppani Tavco Oy &#8211; Asiakkaan etu edell\u00e4.Naapurilla ei siivota niin kuin teill\u00e4 siivotaan, ellei &hellip;<\/p>\n<p class=\"read-more\"> <a class=\"\" href=\"https:\/\/tavco.fi\/main\/palvelut-2\/\"> <span class=\"screen-reader-text\">Palvelut<\/span> Lue lis\u00e4\u00e4 &raquo;<\/a><\/p>\n","protected":false},"author":1,"featured_media":0,"parent":0,"menu_order":0,"comment_status":"closed","ping_status":"closed","template":"","meta":{"site-sidebar-layout":"no-sidebar","site-content-layout":"page-builder","ast-main-header-display":"","ast-hfb-above-header-display":"","ast-hfb-below-header-display":"","ast-hfb-mobile-header-display":"","site-post-title":"disabled","ast-breadcrumbs-content":"","ast-featured-img":"","footer-sml-layout":"","theme-transparent-header-meta":"enabled","adv-header-id-meta":"","stick-header-meta":"","header-above-stick-meta":"","header-main-stick-meta":"","header-below-stick-meta":"","footnotes":""},"class_list":["post-31","page","type-page","status-publish","hentry"],"yoast_head":"<!-- This site is optimized with the Yoast SEO plugin v27.4 - https:\/\/yoast.com\/product\/yoast-seo-wordpress\/ -->\n<title>Palvelut - Tavco<\/title>\n<meta name=\"description\" content=\"Tavco Oy | Palvelut - toimistosiivous, teollisuussiivous, leipomosiivous, linja-autojen p\u00e4ivitt\u00e4ishuolto - katso kaikki palvelut\" \/>\n<meta name=\"robots\" content=\"index, follow, max-snippet:-1, max-image-preview:large, max-video-preview:-1\" \/>\n<link rel=\"canonical\" href=\"https:\/\/tavco.fi\/main\/palvelut-2\/\" \/>\n<meta property=\"og:locale\" content=\"fi_FI\" \/>\n<meta property=\"og:type\" content=\"article\" \/>\n<meta property=\"og:title\" content=\"Palvelut - Tavco\" \/>\n<meta property=\"og:description\" content=\"Tavco Oy | Palvelut - toimistosiivous, teollisuussiivous, leipomosiivous, linja-autojen p\u00e4ivitt\u00e4ishuolto - katso kaikki palvelut\" \/>\n<meta property=\"og:url\" content=\"https:\/\/tavco.fi\/main\/palvelut-2\/\" \/>\n<meta property=\"og:site_name\" content=\"Tavco\" \/>\n<meta property=\"article:modified_time\" content=\"2024-01-27T10:14:24+00:00\" \/>\n<meta property=\"og:image\" content=\"https:\/\/tavco.fi\/main\/wp-content\/uploads\/2023\/03\/484b574f-50b1-44de-b835-a1fb7e8392ed-1024x683.jpg\" \/>\n<meta name=\"twitter:card\" content=\"summary_large_image\" \/>\n<meta name=\"twitter:label1\" content=\"Arvioitu lukuaika\" \/>\n\t<meta name=\"twitter:data1\" content=\"2 minuuttia\" \/>\n<script type=\"application\/ld+json\" class=\"yoast-schema-graph\">{\"@context\":\"https:\\\/\\\/schema.org\",\"@graph\":[{\"@type\":\"WebPage\",\"@id\":\"https:\\\/\\\/tavco.fi\\\/main\\\/palvelut-2\\\/\",\"url\":\"https:\\\/\\\/tavco.fi\\\/main\\\/palvelut-2\\\/\",\"name\":\"Palvelut - Tavco\",\"isPartOf\":{\"@id\":\"https:\\\/\\\/tavco.fi\\\/main\\\/#website\"},\"primaryImageOfPage\":{\"@id\":\"https:\\\/\\\/tavco.fi\\\/main\\\/palvelut-2\\\/#primaryimage\"},\"image\":{\"@id\":\"https:\\\/\\\/tavco.fi\\\/main\\\/palvelut-2\\\/#primaryimage\"},\"thumbnailUrl\":\"https:\\\/\\\/tavco.fi\\\/main\\\/wp-content\\\/uploads\\\/2023\\\/03\\\/484b574f-50b1-44de-b835-a1fb7e8392ed-1024x683.jpg\",\"datePublished\":\"2020-04-13T11:18:52+00:00\",\"dateModified\":\"2024-01-27T10:14:24+00:00\",\"description\":\"Tavco Oy | Palvelut - toimistosiivous, teollisuussiivous, leipomosiivous, linja-autojen p\u00e4ivitt\u00e4ishuolto - katso kaikki palvelut\",\"breadcrumb\":{\"@id\":\"https:\\\/\\\/tavco.fi\\\/main\\\/palvelut-2\\\/#breadcrumb\"},\"inLanguage\":\"fi\",\"potentialAction\":[{\"@type\":\"ReadAction\",\"target\":[\"https:\\\/\\\/tavco.fi\\\/main\\\/palvelut-2\\\/\"]}]},{\"@type\":\"ImageObject\",\"inLanguage\":\"fi\",\"@id\":\"https:\\\/\\\/tavco.fi\\\/main\\\/palvelut-2\\\/#primaryimage\",\"url\":\"https:\\\/\\\/tavco.fi\\\/main\\\/wp-content\\\/uploads\\\/2023\\\/03\\\/484b574f-50b1-44de-b835-a1fb7e8392ed.jpg\",\"contentUrl\":\"https:\\\/\\\/tavco.fi\\\/main\\\/wp-content\\\/uploads\\\/2023\\\/03\\\/484b574f-50b1-44de-b835-a1fb7e8392ed.jpg\",\"width\":1920,\"height\":1280},{\"@type\":\"BreadcrumbList\",\"@id\":\"https:\\\/\\\/tavco.fi\\\/main\\\/palvelut-2\\\/#breadcrumb\",\"itemListElement\":[{\"@type\":\"ListItem\",\"position\":1,\"name\":\"Home\",\"item\":\"https:\\\/\\\/tavco.fi\\\/main\\\/\"},{\"@type\":\"ListItem\",\"position\":2,\"name\":\"Palvelut\"}]},{\"@type\":\"WebSite\",\"@id\":\"https:\\\/\\\/tavco.fi\\\/main\\\/#website\",\"url\":\"https:\\\/\\\/tavco.fi\\\/main\\\/\",\"name\":\"Tavco\",\"description\":\"Siivouspalvelu\",\"publisher\":{\"@id\":\"https:\\\/\\\/tavco.fi\\\/main\\\/#organization\"},\"potentialAction\":[{\"@type\":\"SearchAction\",\"target\":{\"@type\":\"EntryPoint\",\"urlTemplate\":\"https:\\\/\\\/tavco.fi\\\/main\\\/?s={search_term_string}\"},\"query-input\":{\"@type\":\"PropertyValueSpecification\",\"valueRequired\":true,\"valueName\":\"search_term_string\"}}],\"inLanguage\":\"fi\"},{\"@type\":\"Organization\",\"@id\":\"https:\\\/\\\/tavco.fi\\\/main\\\/#organization\",\"name\":\"Tavco\",\"url\":\"https:\\\/\\\/tavco.fi\\\/main\\\/\",\"logo\":{\"@type\":\"ImageObject\",\"inLanguage\":\"fi\",\"@id\":\"https:\\\/\\\/tavco.fi\\\/main\\\/#\\\/schema\\\/logo\\\/image\\\/\",\"url\":\"https:\\\/\\\/tavco.fi\\\/main\\\/wp-content\\\/uploads\\\/2022\\\/04\\\/TavcoLogo_6.10.2021-1.png\",\"contentUrl\":\"https:\\\/\\\/tavco.fi\\\/main\\\/wp-content\\\/uploads\\\/2022\\\/04\\\/TavcoLogo_6.10.2021-1.png\",\"width\":1199,\"height\":493,\"caption\":\"Tavco\"},\"image\":{\"@id\":\"https:\\\/\\\/tavco.fi\\\/main\\\/#\\\/schema\\\/logo\\\/image\\\/\"}}]}<\/script>\n<!-- \/ Yoast SEO plugin. -->","yoast_head_json":{"title":"Palvelut - Tavco","description":"Tavco Oy | Palvelut - toimistosiivous, teollisuussiivous, leipomosiivous, linja-autojen p\u00e4ivitt\u00e4ishuolto - katso kaikki palvelut","robots":{"index":"index","follow":"follow","max-snippet":"max-snippet:-1","max-image-preview":"max-image-preview:large","max-video-preview":"max-video-preview:-1"},"canonical":"https:\/\/tavco.fi\/main\/palvelut-2\/","og_locale":"fi_FI","og_type":"article","og_title":"Palvelut - Tavco","og_description":"Tavco Oy | Palvelut - toimistosiivous, teollisuussiivous, leipomosiivous, linja-autojen p\u00e4ivitt\u00e4ishuolto - katso kaikki palvelut","og_url":"https:\/\/tavco.fi\/main\/palvelut-2\/","og_site_name":"Tavco","article_modified_time":"2024-01-27T10:14:24+00:00","og_image":[{"url":"https:\/\/tavco.fi\/main\/wp-content\/uploads\/2023\/03\/484b574f-50b1-44de-b835-a1fb7e8392ed-1024x683.jpg","type":"","width":"","height":""}],"twitter_card":"summary_large_image","twitter_misc":{"Arvioitu lukuaika":"2 minuuttia"},"schema":{"@context":"https:\/\/schema.org","@graph":[{"@type":"WebPage","@id":"https:\/\/tavco.fi\/main\/palvelut-2\/","url":"https:\/\/tavco.fi\/main\/palvelut-2\/","name":"Palvelut - Tavco","isPartOf":{"@id":"https:\/\/tavco.fi\/main\/#website"},"primaryImageOfPage":{"@id":"https:\/\/tavco.fi\/main\/palvelut-2\/#primaryimage"},"image":{"@id":"https:\/\/tavco.fi\/main\/palvelut-2\/#primaryimage"},"thumbnailUrl":"https:\/\/tavco.fi\/main\/wp-content\/uploads\/2023\/03\/484b574f-50b1-44de-b835-a1fb7e8392ed-1024x683.jpg","datePublished":"2020-04-13T11:18:52+00:00","dateModified":"2024-01-27T10:14:24+00:00","description":"Tavco Oy | Palvelut - toimistosiivous, teollisuussiivous, leipomosiivous, linja-autojen p\u00e4ivitt\u00e4ishuolto - katso kaikki palvelut","breadcrumb":{"@id":"https:\/\/tavco.fi\/main\/palvelut-2\/#breadcrumb"},"inLanguage":"fi","potentialAction":[{"@type":"ReadAction","target":["https:\/\/tavco.fi\/main\/palvelut-2\/"]}]},{"@type":"ImageObject","inLanguage":"fi","@id":"https:\/\/tavco.fi\/main\/palvelut-2\/#primaryimage","url":"https:\/\/tavco.fi\/main\/wp-content\/uploads\/2023\/03\/484b574f-50b1-44de-b835-a1fb7e8392ed.jpg","contentUrl":"https:\/\/tavco.fi\/main\/wp-content\/uploads\/2023\/03\/484b574f-50b1-44de-b835-a1fb7e8392ed.jpg","width":1920,"height":1280},{"@type":"BreadcrumbList","@id":"https:\/\/tavco.fi\/main\/palvelut-2\/#breadcrumb","itemListElement":[{"@type":"ListItem","position":1,"name":"Home","item":"https:\/\/tavco.fi\/main\/"},{"@type":"ListItem","position":2,"name":"Palvelut"}]},{"@type":"WebSite","@id":"https:\/\/tavco.fi\/main\/#website","url":"https:\/\/tavco.fi\/main\/","name":"Tavco","description":"Siivouspalvelu","publisher":{"@id":"https:\/\/tavco.fi\/main\/#organization"},"potentialAction":[{"@type":"SearchAction","target":{"@type":"EntryPoint","urlTemplate":"https:\/\/tavco.fi\/main\/?s={search_term_string}"},"query-input":{"@type":"PropertyValueSpecification","valueRequired":true,"valueName":"search_term_string"}}],"inLanguage":"fi"},{"@type":"Organization","@id":"https:\/\/tavco.fi\/main\/#organization","name":"Tavco","url":"https:\/\/tavco.fi\/main\/","logo":{"@type":"ImageObject","inLanguage":"fi","@id":"https:\/\/tavco.fi\/main\/#\/schema\/logo\/image\/","url":"https:\/\/tavco.fi\/main\/wp-content\/uploads\/2022\/04\/TavcoLogo_6.10.2021-1.png","contentUrl":"https:\/\/tavco.fi\/main\/wp-content\/uploads\/2022\/04\/TavcoLogo_6.10.2021-1.png","width":1199,"height":493,"caption":"Tavco"},"image":{"@id":"https:\/\/tavco.fi\/main\/#\/schema\/logo\/image\/"}}]}},"_links":{"self":[{"href":"https:\/\/tavco.fi\/main\/wp-json\/wp\/v2\/pages\/31","targetHints":{"allow":["GET"]}}],"collection":[{"href":"https:\/\/tavco.fi\/main\/wp-json\/wp\/v2\/pages"}],"about":[{"href":"https:\/\/tavco.fi\/main\/wp-json\/wp\/v2\/types\/page"}],"author":[{"embeddable":true,"href":"https:\/\/tavco.fi\/main\/wp-json\/wp\/v2\/users\/1"}],"replies":[{"embeddable":true,"href":"https:\/\/tavco.fi\/main\/wp-json\/wp\/v2\/comments?post=31"}],"version-history":[{"count":22,"href":"https:\/\/tavco.fi\/main\/wp-json\/wp\/v2\/pages\/31\/revisions"}],"predecessor-version":[{"id":1286,"href":"https:\/\/tavco.fi\/main\/wp-json\/wp\/v2\/pages\/31\/revisions\/1286"}],"wp:attachment":[{"href":"https:\/\/tavco.fi\/main\/wp-json\/wp\/v2\/media?parent=31"}],"curies":[{"name":"wp","href":"https:\/\/api.w.org\/{rel}","templated":true}]}}